common divisor of 2605 and g?
5
Suppose -4*a = 2*j - 248, 3*j + 112*a = 107*a + 366. Suppose -2*p = -3*p + 196. What is the greatest common factor of p and j?
28
Suppose 0 = -3*h - u + 45, -5*u + 1 = 4*h - 59. Suppose -h*r + 547 = -98. What is the greatest common factor of r and 43?
43
Suppose y = -3*k + 505, 4*y + 333 = 2*k + y. What is the highest common factor of k and 6972?
84
Let t be (((-35)/(-56))/(1/12))/((-10)/(-40)). What is the highest common factor of 438 and t?
6
Let c(l) = -20*l - 22*l - 16*l + 47*l - 22. Let f be c(-8). Calculate the greatest common divisor of 44 and f.
22
Let l be 10/(-25) - ((-752)/5 + 6). Calculate the highest common factor of l and 912.
48
Suppose f + 93 = -a + 393, -897 = -3*a - 2*f. Suppose 3*j - 334 = -k, -114 - 214 = -3*j - 4*k. Let n = j - 85. Calculate the highest common divisor of n and a.
27
Let g(j) = 71*j**2 - 20*j - 37. Let x be g(-6). Suppose 285*a - x = 278*a. What is the highest common factor of 13 and a?
13
Let u = -9224 + 9953. Calculate the highest common factor of u and 18.
9
Suppose -5*c = 15 - 0. Suppose 0 = 4*b - 20, 5*b = 5*w - 0*b + 45. Let t be c/(-18) + w/(96/(-308)). Calculate the greatest common factor of 39 and t.
13
Suppose 3*g - 3*c = -0*c + 162, 0 = g + 3*c - 46. Suppose g = 3*x - 2*x + 5*j, 3*j - 293 = -4*x. What is the highest common divisor of 7 and x?
7
Let v = -221 + 536. Suppose -37*x = -40*x + 135. What is the highest common factor of x and v?
45
Let m(o) = o**3 - 24*o**2 + 52*o - 116. Let h be m(22). What is the highest common factor of 2940 and h?
60
Suppose 0 = -4*h + 6*h. Suppose 0*p - 5*p + 220 = h. Suppose -2*b + p = 2*l, -b - 5*l + 30 = -0*l. Calculate the greatest common divisor of b and 60.
20
Let x be 24*((-5)/2 - -4). What is the highest common factor of x and 1476?
36
Let x be -2 + 1 - (-1 + -3). Suppose -3*g = -5*j - 89, 53 = 3*g + j + x*j. Suppose -230*t + 2785 - 2553 = -10348. What is the greatest common factor of t and g?
23
Let p(m) = 3*m**2 - 25*m - 8. Suppose -x = 3*x + 2*q + 30, -2*x - 2*q = 20. Let t be p(x). Calculate the highest common factor of 12 and t.
12
Let y = -5528 + 5685. What is the highest common divisor of y and 1256?
157
Suppose 0 = l + 3*f - 886 + 751, 3*l - 3*f = 321. What is the highest common divisor of l and 5301?
57
Suppose -2*b + 4*y + 1450 = 0, 0 = 18*y - 22*y. Calculate the greatest common factor of 87 and b.
29
Let l = -14436 + 14644. Calculate the highest common factor of l and 299.
13
Suppose 0 = 2*y, -78*y + 79*y - 7176 = -3*l. What is the greatest common factor of l and 736?
184
Suppose -2*z + u + 3358 = 731, -3*u = z - 1289. Calculate the greatest common divisor of z and 190.
10
Let v(s) = 5*s - 429. Let q be v(12). Let c = 396 + q. Suppose -2*r + 8 = -10. What is the greatest common divisor of r and c?
9
Suppose -189*h = -199*h - 1160. Let w = -61 - h. What is the highest common factor of 440 and w?
55
Suppose 3*m - 5*k - 236 = 0, 3*m - 519 + 290 = 4*k. Calculate the greatest common divisor of 18023 and m.
67
Let g = -56 + -7. Let r = g + 3. Let l be 5*(-4)/(r/9). Calculate the highest common factor of l and 3.
3
Suppose 0 = 4*a - 5*a + 93. Let q = a + 12. Suppose 5*h + 2*k = 97, -4*h - 11 + 91 = k. What is the greatest common factor of q and h?
21
Let a be (-6990)/(-33) + 4/22 + 0. Suppose 358 = 78*w + 357 - 935. What is the greatest common factor of a and w?
4
Suppose -4*m = 0, -4*d + 66*m - 62*m = -3104. Suppose -774*k = -d*k + 50. Let u be ((-10)/4)/((-1)/2). Calculate the highest common divisor of k and u.
5
Let q(h) = h**2 - 8*h + 60. Let t be q(7). What is the greatest common divisor of 18444 and t?
53
Let u be (-4 - -2) + 4 - -72 - -3. Suppose 10*x - 280 = -10*x. Calculate the highest common factor of x and u.
7
Let l be (-6 - -1) + (-9 + 18 - -15). Calculate the greatest common factor of 7296 and l.
19
Suppose 3*x - x - 6 = 0. Suppose -d + 26 = -2*g, 0 = 2*g - x*d - 0*d + 34. Let n be g*(-2)/(-6)*-3. What is the highest common factor of n and 44?
11
Let s(k) = 2*k**3 + 9*k**2 - 32*k + 6. Let d be s(3). What is the greatest common divisor of d and 2775?
15
Let o(x) = -x**3 - x + 250. Let l be o(0). Suppose 0 = -15*s + 304 + 1196. What is the greatest common divisor of l and s?
50
Let j = -33824 + 34060. What is the greatest common factor of j and 16166?
118
Suppose 8*w = -140 + 76. Let z be (-5)/(10/w) + 8 + 10. What is the highest common factor of 374 and z?
22
Let w(y) = y**2 - y - 7. Let h be w(3). Let b = h + 61. Suppose -39*l = -37*l - 30. What is the greatest common divisor of l and b?
15
Let u = -51 - -70. Suppose b - 2*b + 10 = y, 3*b = 4*y - u. Let z be (y/(14/(-3)))/(1/(-26)). What is the highest common divisor of 26 and z?
13
Suppose 5*z - 10 = 3*w, 5*w + 2*z - 4*z + 4 = 0. Suppose w = -66*s - 129 + 723. What is the greatest common factor of s and 117?
9
Suppose 4*q + 0*q - 994 = -2*l, 4*l = 11*q + 1855. What is the highest common divisor of l and 276?
69
Let h(d) = -d**3 + 5*d**2 + 4*d - 7. Let z be h(5). Suppose 0 = 97*b - 20813 + 5795 - 13985. What is the highest common factor of z and b?
13
Let o be 6/(-10) - (-7 + (-204)/15). Suppose -5*j = 5*n - 235, -3*j = -5*n + 223 + o. Calculate the highest common divisor of n and 72.
24
Let k(f) = -f**3 + 10*f**2 + 2*f + 1. Let m be k(10). Suppose -12*n - m = -93. Let t be (-2)/n*(-64 + 4). What is the highest common factor of t and 220?
20
Let h = 87 + -21. Let i(z) = -4*z - 126. Let q be i(-33). What is the greatest common divisor of h and q?
6
Suppose -o + 569 = 5*t - 490, 2*o + 3*t = 2083. What is the highest common factor of 44 and o?
22
Let l(t) = -t**3 + 2*t - 91. Let k be l(0). Let p = k + 94. Suppose -3*q + 2 = -1, 0 = p*j + 4*q - 46. What is the greatest common factor of j and 28?
14
Let o(p) = -832*p + 6704. Let a be o(-10). What is the greatest common factor of a and 48?
48
Let t(u) = -13*u**2 - 163*u + 99. Let c be t(-12). Calculate the greatest common factor of c and 48.
3
Let m(t) = t**3 - 23*t**2 + 60*t + 54. Let c be m(20). Suppose -3*k - h + 2597 = 0, -2*h + 25 = 3*h. Calculate the highest common divisor of c and k.
54
Let c(o) = 15*o**2 + 72*o - 3. Let f be c(-5). Calculate the greatest common divisor of 620 and f.
4
Let d = 3187 - 3182. Let x = -35 + 52. Suppose -4*j + 3 = -x. Calculate the highest common divisor of d and j.
5
Suppose 0*x = x - o - 11, -57 = -3*x - 3*o. Let a = x - -194. What is the greatest common factor of a and 38?
19
Let w(x) = x**3 - 7*x + 2. Let o be w(3). Let v(g) = 17*g - 107. Let p be v(o). Let r = -14 - -130. Calculate the highest common factor of p and r.
29
Let y be (1/4*-668)/(1/(-31)). Calculate the greatest common divisor of y and 93.
31
Suppose 5*f + 19 = 2*n, 63*n - 53 = 59*n - 5*f. Let t(w) = w**3 + 14*w**2 - 6*w - 16. Let j be t(-10). What is the highest common factor of j and n?
12
Suppose 57*f + 98 = 106*f. What is the highest common divisor of 1478 and f?
2
Let q = -433 - -445. Suppose t - c + 2 = -5*c, 0 = -4*t - 3*c - 8. Let f be (11 - 1)*(t + 8). Calculate the highest common factor of q and f.
12
Let i(t) = t**3 + 13*t**2 - 27*t + 49. Let p be i(-15). Suppose p*o - 105 = -17*o. What is the greatest common divisor of o and 15?
5
Let v be (-92)/(-12) + 1/3. Let o(h) = -5*h**3 + 4*h**2 - 7*h + 35. Let b be o(4). Let m = b - -305. What is the highest common divisor of m and v?
8
Suppose -2*o + 24 = -225*x + 226*x, 4*o + 12 = 0. What is the highest common divisor of x and 2770?
10
Let q = -12857 + 12895. Let p(a) = 11*a**2 + 2. Let x be p(-2). Suppose -x = -2*z + 30. Calculate the greatest common factor of q and z.
38
Suppose 4*w = -21*w + 150. Suppose 31*a - 126 = 30*a. What is the greatest common factor of w and a?
6
Let d(m) = -m**3 + 12*m**2 + 15*m + 4. Let l = -118 + 131. Let p be d(l). Calculate the highest common divisor of p and 255.
15
Let l(p) = p**3 + 8*p**2 + 7*p - 6. Suppose -31*u + 29*u - 134 = 0. Let f = 63 + u. Let t be l(f). Calculate the greatest common factor of 12 and t.
6
Suppose 527 = -4*d + 687. Calculate the highest common divisor of 80 and d.
40
Suppose 4*w - 764 = 2*w. Suppose -p + 3*x = 7*x - 70, -4*x = 5*p - w. What is the highest common divisor of 702 and p?
78
Suppose 255 = i - 2041. Suppose 5*n - i = -15*p + 16*p, n = -4*p + 455. Calculate the highest common divisor 